e prime factors of z?
2, 193
Suppose -3 = -2*i - 39. List the prime factors of (-4)/i + 18726/54.
347
Let t(u) = u**3 + 4*u**2 + 2*u - 11. Let v be t(-5). Let c = v - -62. What are the prime factors of (1 - 516/c)*(-2 + -2)?
5
List the prime factors of 10/2 - (-4070)/11.
3, 5
Suppose 6*b - 51252 + 15966 = 0. List the prime factors of b.
5881
Suppose -5*o = -5*a - 209865, -130*o + 125891 = -127*o + a. List the prime factors of o.
2, 20983
Let h(i) = 14*i**2 - 20*i + 18. Let p be h(12). Suppose 6*z - p - 2754 = 0. What are the prime factors of z?
2, 379
Let t = 481 - 476. What are the prime factors of t - 11/(22/(-1944))?
977
Let q = -297 - -301. Suppose -3*a + 809 = 2*g - 952, 0 = 2*g - q*a - 1740. List the prime factors of g.
2, 3, 73
Let a = 7485 - 5053. What are the prime factors of a?
2, 19
Suppose 50307 + 42600 = 39*a - 12627. List the prime factors of a.
2, 3, 11, 41
Let p be (15 + -29)/(4/(-6)). Suppose 4045 = -p*x + 26*x. List the prime factors of x.
809
Suppose -4*w - 31 = 5*x, 4*w + 1 = 5*x - 0*w. Let u(c) = -19*c**2 - 13 + 29*c**2 - 4*c - 9*c**2. List the prime factors of u(x).
2
Suppose 0 = -0*o + o - 2*b - 2, o - 2 = -3*b. Suppose -c + 5*c + 50 = d, 2*d + o*c = 60. Let a = 61 - d. What are the prime factors of a?
3
Let p = 4399 + 8111. List the prime factors of p.
2, 3, 5, 139
Let z(f) = 18*f**2 - 15*f + 281. What are the prime factors of z(-27)?
2, 863
Let w = -160 + 158. What are the prime factors of w/((-15 - -19) + (-1046)/261)?
3, 29
Let v be (-58)/(-290) - (-1 - (-211)/5). Let x = -15 - v. What are the prime factors of x?
2, 13
Suppose -3*g = g - f - 280, 4*g - 280 = -2*f. Suppose -g = -p + 235. List the prime factors of p.
5, 61
Let b(h) be the first derivative of -2*h + 38/3*h**3 + h**2 + 4. What are the prime factors of b(1)?
2, 19
Let u(w) be the first derivative of 5/2*w**2 + 0*w**3 + 4*w - 233/4*w**4 - 30. What are the prime factors of u(-1)?
2, 29
Suppose -9*h - 5139 = 1962. Let v = h - -1738. Suppose 7*o = -6*o + v. List the prime factors of o.
73
Suppose 1552 + 401 = 9*x. Let i be (9/(-3) + 2)*-333. Let g = i - x. What are the prime factors of g?
2, 29
Suppose -3*j - 565 = -2*n, 5*j + 0*j - 605 = -2*n. Let o = -173 + n. Let p = o - 76. What are the prime factors of p?
41
Let i(h) = -h**2 + h - 522. Let b be i(0). Let z(y) = -7*y - 59. Let p be z(-9). List the prime factors of b/(-33) + -1 - p/(-22).
3, 5
Let v = 2436 - -38948. What are the prime factors of v?
2, 7, 739
Let g = -1186 - -2060. Let d = 1226 - g. Suppose -4*s - 4*t + d = s, s + 3*t = 66. What are the prime factors of s?
2, 3
Suppose 2108 = -22*q + 51476. List the prime factors of q.
2, 3, 11, 17
Suppose -5*f + 0*u = -u - 11, 3*u + 9 = 3*f. Suppose 2*p = -f*p + 4*n + 2564, -5*p - 3*n = -3229. Suppose s = -6*s + p. List the prime factors of s.
2, 23
Suppose -8*x = -25 + 1. Suppose 0 = 5*o + z + 1718, -x*o - 5*z - 702 = 342. Let f = 512 + o. What are the prime factors of f?
13
Let m = 31 - 26. Suppose -r - 2*j + 132 = -0*j, m*r - 624 = 2*j. What are the prime factors of r?
2, 3, 7
Suppose -17*f - 77 + 179 = 0. Let a(j) = -4*j + 0*j**2 + 5 - 3*j**2 - j**2 + j**3. List the prime factors of a(f).
53
Suppose -5302 = 4033*j - 4035*j + 466. What are the prime factors of j?
2, 7, 103
What are the prime factors of 0 + 18/12 + 43125/6?
7, 13, 79
Suppose -j - 12385 = -5*p, 2*j - 5841 = -4*p + 4081. Suppose 15*s = 22*s - p. What are the prime factors of s?
2, 3, 59
Let o be 24/1 - 11/(-11). Suppose -y + 342 = 2*g, -5*g = -0*g - o. Suppose 5*j - y = 213. List the prime factors of j.
109
Let z(j) = j**3 - 17*j**2 - 16*j - 33. Let v be z(18). Suppose v*r - 744 = -2*f - r, 1815 = 5*f + r. What are the prime factors of f?
2, 181
Let z(t) = -902*t**3 - 2*t**2 + 2. Let k be z(-1). Suppose -10*n + 21*n = -k. Let x = 111 + n. List the prime factors of x.
29
Let n be (-13)/(-39) - 824/(-12). Suppose -3096 = n*r - 75*r. What are the prime factors of r?
2, 3, 43
Let s = -725 - -730. What are the prime factors of 126/(12 - s)*56?
2, 3, 7
Suppose 6*z - 11 = 19. Suppose -3*n + n - 59 = -z*p, 4*n - 2*p + 110 = 0. List the prime factors of 142*(2 + (n/6)/3).
71
Suppose -2933 = -3*y + 4*m, -3422 = -5*y + 2*m + 1471. List the prime factors of y.
11, 89
Let p = 19100 + -578. What are the prime factors of p?
2, 3, 7
Suppose 8*u = -u + 54. Suppose -4*a = -p - 859, 884 = u*a - 2*a + 4*p. What are the prime factors of a?
2, 3
What are the prime factors of (-10)/3*931014/36*(-9)/15?
3, 7, 821
Suppose -9*g = -20*g. What are the prime factors of 4/(-16)*g + 652?
2, 163
Suppose 76*p + 168 = 82*p. Suppose p*n - 11514 = 9*n. List the prime factors of n.
2, 3, 101
Suppose -5 = -h, 8*p - 4*h - 225 = 3*p. Let r = -36 + p. Suppose -r*u = -17*u + 180. What are the prime factors of u?
3, 5
Let p(t) = -t**3 + t**2 + 3*t + 2. Let f be p(3). Let s be f/((-28)/6)*-2 + -137. Let w = 203 + s. What are the prime factors of w?
3, 7
Let q = -23 + 20. Let x(v) = -186 - 51*v + 182 - v. List the prime factors of x(q).
2, 19
Suppose 5*v = 2*r - 24, -2*r + 6 = v + 3*r. Let p be 3/((-3)/((-1)/(v/(-40)))). Suppose -2*z + 24 = -p. List the prime factors of z.
17
Let l be (-6)/(-15) + (-54)/(-15). Let p(w) = 48*w + 9. Let k be p(l). Suppose -3*c + 0*c = -k. List the prime factors of c.
67
Suppose 8*j + 2543284 = 53*j + 842689. List the prime factors of j.
3, 13, 17, 19
Suppose 18*d - 1717 = 119. Suppose d*u - 101*u - 4049 = -4*c, -5*c - 3*u = -5070. What are the prime factors of c?
3, 337
Suppose 0 = 2060*z - 2034*z - 1117506. What are the prime factors of z?
3, 14327
Let b(k) = -173*k - 35. Let r be b(-13). Let o be (2/3)/((-3)/r). What are the prime factors of ((-30)/25)/3 + o/(-5)?
2, 7
Suppose l + 4*t - 10 = 0, t - 5*t - 46 = -3*l. What are the prime factors of ((-3154)/(-133))/(2/l)?
2, 83
Suppose 0 = -13*g + 48198 + 88601. What are the prime factors of g?
17, 619
Let k be 12/9 + (-16863)/(-9). Suppose -9*o + 654 = -k. What are the prime factors of o?
281
Suppose k + 125 = 2*x + 836, -3*k + 5*x = -2132. Let p = k - 68. What are the prime factors of p?
641
Let q(s) = -1081*s**3 - 3*s**2 - 4*s - 3. Let k be q(-1). Suppose 4*a - h = k, h + 1348 = 5*a - h. What are the prime factors of a?
2, 3, 5
What are the prime factors of (-3010)/((-14)/140 - 2/5)?
2, 5, 7, 43
Suppose -4*v + 5*s + 40160 = 0, -3*v - 3*s = -6*s - 30120. What are the prime factors of v?
2, 5, 251
Let h(c) = c + 6. Let r be h(0). Let s = 323 + -296. Suppose -21 - s = -r*d. What are the prime factors of d?
2
Let t be (221 - 12) + (-2 - -4). Suppose 169 + t = 4*c. Suppose 3*v = 338 - c. List the prime factors of v.
3
Suppose -245*c - 36 = -254*c. Let t(x) = -6*x - 1. Let j be t(-1). Suppose -c*l - 178 = -3*g, j*g - 279 = g - 3*l. List the prime factors of g.
2, 3, 11
Let h(p) = p**3 - p**2 + 3*p - 4. Let c be h(3). Let o = c + -18. Suppose -o*t + 6 = 4*b - 398, -b + 2*t + 101 = 0. What are the prime factors of b?
101
Let t be (-6)/24*4 + 129. Suppose -3*q + 2*q = 3*r - t, -36 = -r - 2*q. What are the prime factors of r?
2, 11
Suppose -341 = -5*l + 324. Suppose j - l = 263. Suppose -j = -2*z - 2*z. List the prime factors of z.
3, 11
Let f(a) = -a**2 - 3*a + 31. Let x be f(4). Suppose -x*c + 1646 = -220. List the prime factors of c.
2, 311
Suppose 339 = q - 10. Let g = q - 77. Suppose -g = -f - 3*f. List the prime factors of f.
2, 17
Let y be (-480)/((-2)/(-3)*(-9)/4). Suppose -2*s + y + 30 = 0. List the prime factors of s.
5, 7
Suppose -399*j + 195*j + 63594 = -198*j. What are the prime factors of j?
3, 3533
Let w(i) = 2*i**2 + 19*i - 37. Suppose -f = v + 26, -2*f - 2*v + 4*v = 48. List the prime factors of w(f).
2, 3, 41
Let i(r) = 260*r**2 - 54*r - 15. What are the prime factors of i(-5)?
5, 7, 193
Let t be 6/10*2*255/153. Let m(j) = 610*j - 33. What are the prime factors of m(t)?
1187
Let y be 1/18*6 - (-32)/(-6). Let o be y/((-15)/72) + 1. Suppose -5*q - 5*r = -725 - o, 3*r + 750 = 5*q. List the prime factors of q.
2, 3, 5
Suppose 70*f = 73*f - 147. Let c = -32 + f. What are the prime factors of c/(68/1176) - -1?
5, 59
Suppose 4096131 = 133*i + 702902. List the prime factors of i.
31, 823
Let q(t) = t**3 - 24*t**2 + 120*t - 15. Let b be q(17). Suppose b*h + 5*f = -122 + 1185, 5*h = -5*f + 2680. List the prime factors of h.
7, 11
List the prime fac